{"id":96,"date":"2020-05-13T20:25:51","date_gmt":"2020-05-13T20:25:51","guid":{"rendered":"https:\/\/geo-bio.de\/?page_id=96"},"modified":"2020-05-13T20:25:51","modified_gmt":"2020-05-13T20:25:51","slug":"wassersuche","status":"publish","type":"page","link":"https:\/\/geo-bio.de\/?page_id=96","title":{"rendered":"Wassersuche"},"content":{"rendered":"\n<figure class=\"wp-block-table\"><table><tbody><tr><td>Was schon lange vermutet wurde, ist in langwierigen Versuchen bewiesen worden. \u00dcber Wasseransammlungen im Untergrund, kommt es zu einer Verdichtung des elektrischen Feldes an der Erdoberfl\u00e4che, das in der Natur existiert. Zus\u00e4tzlich ist eine signifikante Ver\u00e4nderung der Bodenradioaktivit\u00e4t in diesem Bereich vorhanden. Der Mensch reagiert auf diese Ver\u00e4nderungen, die auch mit daf\u00fcr geeigneten Messger\u00e4ten nachgewiesen k\u00f6nnen. Der Unterschied zwischen Messger\u00e4t und Mensch besteht darin, dass ein Mensch mit der W\u00fcnschelrute bei der suche nach Wasser, schneller diese Feldver\u00e4nderungen wahrnimmt, als ein daf\u00fcr bestimmtes Messger\u00e4t. Ein genaues Studium der geologischen Karten und hydrogeologische Untersuchungen geh\u00f6ren selbstverst\u00e4ndlich bei der Wassersuche dazu. Der Synergismus aller beschriebenen Methoden f\u00fchrt zum Erfolg der Arbeit bzw. einer Bohrpunktverlagerung, wenn im untersuchenden Gebiet die Erschlie\u00dfung von Wasser sehr unwahrscheinlich ist.<\/td><\/tr><\/tbody><\/table><\/figure>\n\n\n\n<figure class=\"wp-block-table\"><table><tbody><tr><td><\/td><\/tr><\/tbody><\/table><\/figure>\n\n\n\n<p><\/p>\n","protected":false},"excerpt":{"rendered":"<p>Was schon lange vermutet wurde, ist in langwierigen Versuchen bewiesen worden. \u00dcber Wasseransammlungen im Untergrund, kommt es zu einer Verdichtung des elektrischen Feldes an der Erdoberfl\u00e4che, das in der Natur existiert. Zus\u00e4tzlich ist eine signifikante Ver\u00e4nderung der Bodenradioaktivit\u00e4t in diesem Bereich vorhanden. Der Mensch reagiert auf diese Ver\u00e4nderungen, die auch mit daf\u00fcr geeigneten Messger\u00e4ten nachgewiesen&hellip; <br \/> <a class=\"read-more\" href=\"https:\/\/geo-bio.de\/?page_id=96\">Weiterlesen<\/a><\/p>\n","protected":false},"author":1,"featured_media":0,"parent":0,"menu_order":0,"comment_status":"closed","ping_status":"closed","template":"","meta":{"footnotes":""},"class_list":["post-96","page","type-page","status-publish","hentry"],"_links":{"self":[{"href":"https:\/\/geo-bio.de\/index.php?rest_route=\/wp\/v2\/pages\/96","targetHints":{"allow":["GET"]}}],"collection":[{"href":"https:\/\/geo-bio.de\/index.php?rest_route=\/wp\/v2\/pages"}],"about":[{"href":"https:\/\/geo-bio.de\/index.php?rest_route=\/wp\/v2\/types\/page"}],"author":[{"embeddable":true,"href":"https:\/\/geo-bio.de\/index.php?rest_route=\/wp\/v2\/users\/1"}],"replies":[{"embeddable":true,"href":"https:\/\/geo-bio.de\/index.php?rest_route=%2Fwp%2Fv2%2Fcomments&post=96"}],"version-history":[{"count":1,"href":"https:\/\/geo-bio.de\/index.php?rest_route=\/wp\/v2\/pages\/96\/revisions"}],"predecessor-version":[{"id":97,"href":"https:\/\/geo-bio.de\/index.php?rest_route=\/wp\/v2\/pages\/96\/revisions\/97"}],"wp:attachment":[{"href":"https:\/\/geo-bio.de\/index.php?rest_route=%2Fwp%2Fv2%2Fmedia&parent=96"}],"curies":[{"name":"wp","href":"https:\/\/api.w.org\/{rel}","templated":true}]}}