{"id":2,"date":"2020-04-22T15:05:45","date_gmt":"2020-04-22T15:05:45","guid":{"rendered":"https:\/\/geo-bio.de\/?page_id=2"},"modified":"2025-04-20T21:42:52","modified_gmt":"2025-04-20T21:42:52","slug":"sample-page","status":"publish","type":"page","link":"https:\/\/geo-bio.de\/?page_id=2","title":{"rendered":"Globalgitternetze"},"content":{"rendered":"\n<p>Welche Bedeutung hat das Hartmann-Gitter in der Geobiologie?<\/p>\n\n\n\n<p>Das Hartmann -Gitter, entdeckt von Dr. Ernst Hartmann, ist ein geobiologisches Konzept , das ein Netzwerk von Energielinien beschreibt , die sich \u00fcber die Erdoberfl\u00e4che erstrecken . Es wird angenommen , dass diese Linien mit dem Erdmagnetfeld interagieren und entlang der Himmelsrichtungen ausgerichtet sind . Es wird angenommen , dass das Gitter die menschliche Gesundheit beeinflusst , insbesondere an Stellen , an denen sich die Linien mit geologischen St\u00f6rungen wie Grundwasser oder Verwerfungen kreuzen oder \u00fcberlappen<\/p>\n\n\n\n<p>Geobiologen vermuten , dass eine l\u00e4ngere Exposition gegen\u00fcber diesen Kreuzungen zu gesundheitlichen Problemen wie Angstzust\u00e4nden, Schlaflosigkeit oder Muskelkr\u00e4mpfen f\u00fchren kann . Die Existenz und die Auswirkungen des Hartmann -Gitters bleiben jedoch umstritten , da sie mit wissenschaftlichen Instrumenten schwer zu messen sind und oft mithilfe von W\u00fcnschelrutentechniken nachgewiesen werden<\/p>\n\n\n\n<p>Was ist der wissenschaftliche Konsens zum Hartmann-Gitter?<\/p>\n\n\n\n<p>Der wissenschaftliche Konsens zum Hartmann &#8211; Gitter ist weitgehend skeptisch. W\u00e4hrend Bef\u00fcrworter der Geobiologie und Radi\u00e4sthesie behaupten , das Gitter stelle ein Netzwerk von Erdstrahlungslinien dar , die die menschliche Gesundheit beeinflussen , hat die etablierte Wissenschaft diese Behauptungen nicht best\u00e4tigt . Die Schwierigkeit , das Gitter mit wissenschaftlichen Instrumenten zu erkennen , und die Abh\u00e4ngigkeit von W\u00fcnschelrutentechniken tragen zum Mangel an empirischen Beweisen bei<\/p>\n\n\n\n<p>Das Konzept bleibt umstritten. Kritiker argumentieren , dass die dem Hartmann- Gitter zugeschriebenen Effekte eher psychologischer oder \u00f6kologischer als geophysikalischer Natur seien . Wenn Sie mehr \u00fcber die weiteren Auswirkungen oder alternative Perspektiven erfahren m\u00f6chten , lassen Sie es mich wissen!<\/p>\n\n\n\n<p>Das Hartmann -Gitter weist \u00c4hnlichkeiten mit anderen pseudowissenschaftlichen Theorien wie dem Curry -Gitter oder Ley &#8211; Linien auf. Sie alle gehen von unsichtbaren Energienetzwerken aus , die die menschliche Gesundheit und die Umwelt beeinflussen . Diese Konzepte basieren oft auf anekdotischen Beweisen und subjektiven Nachweismethoden wie W\u00fcnschelruten oder Pendeln, anstatt auf messbaren wissenschaftlichen Daten<\/p>\n\n\n\n<p>Was das Hartmann &#8211; Gitter auszeichnet , ist seine spezifische Ausrichtung entlang der Himmelsrichtungen und seine angenommene Verbindung zum Erdmagnetfeld . Im Gegensatz dazu wird das Curry -Gitter als diagonal zum Hartmann &#8211; Gitter beschrieben , und Ley- Linien sind oft mit historischen oder spirituellen Wahrzeichen verbunden<\/p>\n\n\n\n<p>Trotz ihrer Unterschiede werden diese Theorien \u00e4hnlich kritisiert, da sie empirische Belege vermissen lassen und wissenschaftlich schwer zu validieren sind . Sie berufen sich oft auf pers\u00f6nliche Erfahrungen oder kulturelle \u00dcberzeugungen, was sie zwar \u00fcberzeugend , aber wissenschaftlich nicht belastbar erscheinen l\u00e4sst .your content. Have fun!<\/p>\n","protected":false},"excerpt":{"rendered":"<p>Welche Bedeutung hat das Hartmann-Gitter in der Geobiologie? Das Hartmann -Gitter, entdeckt von Dr. Ernst Hartmann, ist ein geobiologisches Konzept , das ein Netzwerk von Energielinien beschreibt , die sich \u00fcber die Erdoberfl\u00e4che erstrecken . Es wird angenommen , dass diese Linien mit dem Erdmagnetfeld interagieren und entlang der Himmelsrichtungen ausgerichtet sind . Es wird&hellip; <br \/> <a class=\"read-more\" href=\"https:\/\/geo-bio.de\/?page_id=2\">Weiterlesen<\/a><\/p>\n","protected":false},"author":1,"featured_media":0,"parent":0,"menu_order":0,"comment_status":"closed","ping_status":"open","template":"","meta":{"footnotes":""},"class_list":["post-2","page","type-page","status-publish","hentry"],"_links":{"self":[{"href":"https:\/\/geo-bio.de\/index.php?rest_route=\/wp\/v2\/pages\/2","targetHints":{"allow":["GET"]}}],"collection":[{"href":"https:\/\/geo-bio.de\/index.php?rest_route=\/wp\/v2\/pages"}],"about":[{"href":"https:\/\/geo-bio.de\/index.php?rest_route=\/wp\/v2\/types\/page"}],"author":[{"embeddable":true,"href":"https:\/\/geo-bio.de\/index.php?rest_route=\/wp\/v2\/users\/1"}],"replies":[{"embeddable":true,"href":"https:\/\/geo-bio.de\/index.php?rest_route=%2Fwp%2Fv2%2Fcomments&post=2"}],"version-history":[{"count":3,"href":"https:\/\/geo-bio.de\/index.php?rest_route=\/wp\/v2\/pages\/2\/revisions"}],"predecessor-version":[{"id":149,"href":"https:\/\/geo-bio.de\/index.php?rest_route=\/wp\/v2\/pages\/2\/revisions\/149"}],"wp:attachment":[{"href":"https:\/\/geo-bio.de\/index.php?rest_route=%2Fwp%2Fv2%2Fmedia&parent=2"}],"curies":[{"name":"wp","href":"https:\/\/api.w.org\/{rel}","templated":true}]}}