{"id":121,"date":"2020-05-15T12:21:03","date_gmt":"2020-05-15T12:21:03","guid":{"rendered":"https:\/\/geo-bio.de\/?page_id=121"},"modified":"2020-05-15T12:21:03","modified_gmt":"2020-05-15T12:21:03","slug":"stoerzonensucher","status":"publish","type":"page","link":"https:\/\/geo-bio.de\/?page_id=121","title":{"rendered":"St\u00f6rzonensucher"},"content":{"rendered":"\n<p>Tiere<br>St\u00f6rzonensucher<\/p>\n\n\n\n<p>Katze, Ameise, Biene, Wespe, M\u00fccke, Insekten, Maulwurf, Bieber, Eule, Schildkr\u00f6te, Schlange<\/p>\n\n\n\n<p>Pflanzen<br>St\u00f6rzonensucher<\/p>\n\n\n\n<p>Mistel, Efeu, Holunder, Eiche, L\u00e4rche, Pappel, Tanne, Ahorn, Fichte, Weide, Kastanie, Kirschbaum, Brennnessel, Aprikose, Brombeere, Distel, viele Heilpflanzen, Huflattich, Spargel, Gurken ?,Tomaten ?,Weihrauch, Zypresse<\/p>\n\n\n\n<p>Sie werden sich fragen, warum hinter Gurken und Tomaten ein Fragezeichen steht. Bei eigenem Versuchen stellte ich fest, dass Gurken und Tomaten auf Wasseradern sehr gut, teilweise sogar besser als auf ungest\u00f6rten Stellen wuchsen. Stellte ich die Pflanzen dann aber auf Benkerstreifen oder Benkerkreuzungen, lies der Wuchs nach, einige Pflanzen gingen sogar ein. Es l\u00e4sst sich darum abschliessend noch nicht genau festlegen, ob Gurken und Tomaten nun Strahlenfl\u00fcchter oder Strahlensucher sind.<\/p>\n","protected":false},"excerpt":{"rendered":"<p>TiereSt\u00f6rzonensucher Katze, Ameise, Biene, Wespe, M\u00fccke, Insekten, Maulwurf, Bieber, Eule, Schildkr\u00f6te, Schlange PflanzenSt\u00f6rzonensucher Mistel, Efeu, Holunder, Eiche, L\u00e4rche, Pappel, Tanne, Ahorn, Fichte, Weide, Kastanie, Kirschbaum, Brennnessel, Aprikose, Brombeere, Distel, viele Heilpflanzen, Huflattich, Spargel, Gurken ?,Tomaten ?,Weihrauch, Zypresse Sie werden sich fragen, warum hinter Gurken und Tomaten ein Fragezeichen steht. Bei eigenem Versuchen stellte ich fest,&hellip; <br \/> <a class=\"read-more\" href=\"https:\/\/geo-bio.de\/?page_id=121\">Weiterlesen<\/a><\/p>\n","protected":false},"author":1,"featured_media":0,"parent":0,"menu_order":0,"comment_status":"closed","ping_status":"closed","template":"","meta":{"footnotes":""},"class_list":["post-121","page","type-page","status-publish","hentry"],"_links":{"self":[{"href":"https:\/\/geo-bio.de\/index.php?rest_route=\/wp\/v2\/pages\/121","targetHints":{"allow":["GET"]}}],"collection":[{"href":"https:\/\/geo-bio.de\/index.php?rest_route=\/wp\/v2\/pages"}],"about":[{"href":"https:\/\/geo-bio.de\/index.php?rest_route=\/wp\/v2\/types\/page"}],"author":[{"embeddable":true,"href":"https:\/\/geo-bio.de\/index.php?rest_route=\/wp\/v2\/users\/1"}],"replies":[{"embeddable":true,"href":"https:\/\/geo-bio.de\/index.php?rest_route=%2Fwp%2Fv2%2Fcomments&post=121"}],"version-history":[{"count":1,"href":"https:\/\/geo-bio.de\/index.php?rest_route=\/wp\/v2\/pages\/121\/revisions"}],"predecessor-version":[{"id":122,"href":"https:\/\/geo-bio.de\/index.php?rest_route=\/wp\/v2\/pages\/121\/revisions\/122"}],"wp:attachment":[{"href":"https:\/\/geo-bio.de\/index.php?rest_route=%2Fwp%2Fv2%2Fmedia&parent=121"}],"curies":[{"name":"wp","href":"https:\/\/api.w.org\/{rel}","templated":true}]}}